{"id":397,"date":"2021-12-07T13:19:30","date_gmt":"2021-12-07T12:19:30","guid":{"rendered":"http:\/\/renatafranca-montpellier.fr\/?page_id=397"},"modified":"2023-12-10T20:49:51","modified_gmt":"2023-12-10T19:49:51","slug":"infos-pratiques","status":"publish","type":"page","link":"https:\/\/renatafranca-montpellier.fr\/?page_id=397","title":{"rendered":"Infos Pratiques"},"content":{"rendered":"\n<p class=\"has-text-color has-medium-font-size\" style=\"color:#eb9c84\"><span class=\"has-inline-color has-black-color\">Prise de rdv au <\/span><a href=\"tel:0665168443\" data-type=\"tel\" data-id=\"tel:0665168443\" target=\"_blank\" rel=\"noreferrer noopener\"><span style=\"color:#d78c7b\" class=\"has-inline-color\">06 65 16 84 43<\/span><\/a><span class=\"has-inline-color has-black-color\"> ou sur <\/span><a rel=\"noreferrer noopener\" href=\"https:\/\/www.doctolib.fr\/osteopathe\/chalon-sur-saone\/lucie-bordier\" data-type=\"URL\" data-id=\"https:\/\/www.doctolib.fr\/osteopathe\/chalon-sur-saone\/lucie-bordier\" target=\"_blank\"><span style=\"color:#d78c7b\" class=\"has-inline-color\">Doctolib <\/span><\/a><\/p>\n\n\n\n<p><\/p>\n\n\n\n<div style=\"height:40px\" aria-hidden=\"true\" class=\"wp-block-spacer\"><\/div>\n\n\n\n<p class=\"has-medium-font-size\">Le cabinet se situe au<\/p>\n\n\n\n<p class=\"has-medium-font-size\"><span style=\"color:#d78c7b\" class=\"has-inline-color\"> R\u00e9sidence St Charles <a rel=\"noreferrer noopener\" href=\"https:\/\/www.google.fr\/maps\/place\/300+Rue+Auguste+Broussonnet,+34090+Montpellier\/@43.6164713,3.868156,17z\/data=!3m1!4b1!4m6!3m5!1s0x12b6af03f5709727:0x544002123bc1441!8m2!3d43.6164674!4d3.8707309!16s%2Fg%2F11c269cfl1?entry=ttu\" data-type=\"URL\" target=\"_blank\">300 rue Auguste Broussonnet, 34000 Montpellier<\/a><\/span> <\/p>\n\n\n\n<p class=\"has-medium-font-size\">(\u00e0 c\u00f4t\u00e9 du Jardin Des Plantes)<\/p>\n\n\n\n<p><\/p>\n\n\n\n<p>Tram \u00e0 proximit\u00e9: <\/p>\n\n\n\n<p>LIGNE 1 arr\u00eat Albert 1er St Charles <\/p>\n\n\n\n<p>LIGNE 4 arr\u00eat Albert 1er Cath\u00e9drale <\/p>\n\n\n\n<p><\/p>\n\n\n\n<p><\/p>\n\n\n\n<p><\/p>\n\n\n\n<p><\/p>\n\n\n\n<div style=\"height:40px\" aria-hidden=\"true\" class=\"wp-block-spacer\"><\/div>\n\n\n\n<p><\/p>\n\n\n\n<p><\/p>\n\n\n\n<p class=\"has-medium-font-size\">Horaires d&rsquo;ouvertures : <\/p>\n\n\n\n<p class=\"has-medium-font-size\">du lundi au vendredi de 9h \u00e0 20h <\/p>\n\n\n\n<p class=\"has-medium-font-size\">le samedi de 9h \u00e0 18h<\/p>\n\n\n\n<p><\/p>\n\n\n\n<p><\/p>\n\n\n\n<p><\/p>\n","protected":false},"excerpt":{"rendered":"<p>Prise de rdv au 06 65 16 84 43 ou sur Doctolib Le cabinet se situe au R\u00e9sidence St Charles 300 rue Auguste Broussonnet, 34000 Montpellier (\u00e0 c\u00f4t\u00e9 du Jardin Des Plantes) Tram \u00e0 proximit\u00e9: LIGNE 1 arr\u00eat Albert 1er St Charles LIGNE 4 arr\u00eat Albert 1er Cath\u00e9drale Horaires d&rsquo;ouvertures : du lundi au vendredi &hellip; <\/p>\n","protected":false},"author":1,"featured_media":0,"parent":0,"menu_order":0,"comment_status":"closed","ping_status":"closed","template":"","meta":{"footnotes":""},"_links":{"self":[{"href":"https:\/\/renatafranca-montpellier.fr\/index.php?rest_route=\/wp\/v2\/pages\/397"}],"collection":[{"href":"https:\/\/renatafranca-montpellier.fr\/index.php?rest_route=\/wp\/v2\/pages"}],"about":[{"href":"https:\/\/renatafranca-montpellier.fr\/index.php?rest_route=\/wp\/v2\/types\/page"}],"author":[{"embeddable":true,"href":"https:\/\/renatafranca-montpellier.fr\/index.php?rest_route=\/wp\/v2\/users\/1"}],"replies":[{"embeddable":true,"href":"https:\/\/renatafranca-montpellier.fr\/index.php?rest_route=%2Fwp%2Fv2%2Fcomments&post=397"}],"version-history":[{"count":21,"href":"https:\/\/renatafranca-montpellier.fr\/index.php?rest_route=\/wp\/v2\/pages\/397\/revisions"}],"predecessor-version":[{"id":625,"href":"https:\/\/renatafranca-montpellier.fr\/index.php?rest_route=\/wp\/v2\/pages\/397\/revisions\/625"}],"wp:attachment":[{"href":"https:\/\/renatafranca-montpellier.fr\/index.php?rest_route=%2Fwp%2Fv2%2Fmedia&parent=397"}],"curies":[{"name":"wp","href":"https:\/\/api.w.org\/{rel}","templated":true}]}}